{"id":78,"date":"2023-09-04T19:57:18","date_gmt":"2023-09-04T17:57:18","guid":{"rendered":"https:\/\/fundacjaleonardo.pl\/?page_id=78"},"modified":"2023-09-04T22:01:12","modified_gmt":"2023-09-04T20:01:12","slug":"kontakt","status":"publish","type":"page","link":"https:\/\/fundacjaleonardo.pl\/?page_id=78","title":{"rendered":"Kontakt"},"content":{"rendered":"\t\t<div data-elementor-type=\"wp-page\" data-elementor-id=\"78\" class=\"elementor elementor-78\">\n\t\t\t\t\t\t<section class=\"elementor-section elementor-top-section elementor-element elementor-element-f7ba005 elementor-section-full_width elementor-section-height-default elementor-section-height-default\" data-id=\"f7ba005\" data-element_type=\"section\">\n\t\t\t\t\t\t<div class=\"elementor-container elementor-column-gap-default\">\n\t\t\t\t\t<div class=\"elementor-column elementor-col-100 elementor-top-column elementor-element elementor-element-3493cd97\" data-id=\"3493cd97\" data-element_type=\"column\">\n\t\t\t<div class=\"elementor-widget-wrap elementor-element-populated\">\n\t\t\t\t\t\t<div class=\"elementor-element elementor-element-777587c6 elementor-widget__width-initial elementor-widget elementor-widget-text-editor\" data-id=\"777587c6\" data-element_type=\"widget\" data-widget_type=\"text-editor.default\">\n\t\t\t\t<div class=\"elementor-widget-container\">\n\t\t\t\t\t\t\t<p><!-- wp:columns --><\/p>\n<div class=\"wp-block-columns\">\n<p><!-- wp:column {\"width\":\"33.33%\"} --><\/p>\n<div class=\"wp-block-column\" style=\"flex-basis: 33.33%;\">\n<p><!-- wp:image {\"id\":72,\"sizeSlug\":\"large\",\"linkDestination\":\"none\"} --><\/p>\n<p><img fetchpriority=\"high\" decoding=\"async\" width=\"1024\" height=\"576\" class=\"wp-image-72\" src=\"https:\/\/fundacjaleonardo.pl\/wp-content\/uploads\/2023\/09\/Vitruvian-Man-Wallpaper-1-1024x576.jpg\" alt=\"\" srcset=\"https:\/\/fundacjaleonardo.pl\/wp-content\/uploads\/2023\/09\/Vitruvian-Man-Wallpaper-1-1024x576.jpg 1024w, https:\/\/fundacjaleonardo.pl\/wp-content\/uploads\/2023\/09\/Vitruvian-Man-Wallpaper-1-300x169.jpg 300w, https:\/\/fundacjaleonardo.pl\/wp-content\/uploads\/2023\/09\/Vitruvian-Man-Wallpaper-1-768x432.jpg 768w, https:\/\/fundacjaleonardo.pl\/wp-content\/uploads\/2023\/09\/Vitruvian-Man-Wallpaper-1-1536x864.jpg 1536w, https:\/\/fundacjaleonardo.pl\/wp-content\/uploads\/2023\/09\/Vitruvian-Man-Wallpaper-1.jpg 1920w\" sizes=\"(max-width: 1024px) 100vw, 1024px\" \/><\/p>\n<p><!-- \/wp:image --><\/p>\n<\/div>\n<p><!-- \/wp:column --><!-- wp:column {\"width\":\"66.66%\"} --><\/p>\n<div class=\"wp-block-column\" style=\"flex-basis: 66.66%; text-align: center;\">\n<p><!-- wp:paragraph --><\/p>\n<h1 style=\"text-align: center;\"><strong>Fundacja LEONARDO<\/strong><\/h1>\n<p><!-- \/wp:paragraph --><!-- wp:paragraph --><\/p>\n<span style=\"font-weight: normal;\">ul. 11 Listopada 8a\/2, 39-400 Tarnobrzeg<br \/>NIP 8672244095, REGON 368637927, KRS 0000701997<br \/><\/span>\n<p><span style=\"font-weight: normal;\">nr rachunku bankowego <span style=\"color: #000000;\"><span style=\"font-family: Verdana, Arial;\"><span style=\"font-size: large;\"><strong><span style=\"color: #000000;\">22 1600 1462 1817 7888 2000 0001<\/span><\/strong><br \/><\/span><\/span><\/span><\/span><\/p>\n<p><span style=\"font-weight: normal;\"><span style=\"color: #000000;\"><span style=\"font-family: Verdana, Arial;\"><span style=\"font-size: large;\"><strong><span style=\"color: #000000;\">tel. +48 605 786 742, mail: zarzad@fundacjaleonardo.pl<\/span><\/strong><\/span><\/span><\/span><\/span><\/p>\n<\/div>\n<p><br \/><!-- \/wp:column --><\/p>\n<\/div>\n<p><!-- \/wp:columns --><!-- wp:group {\"layout\":{\"type\":\"constrained\"}} --><\/p>\n<div class=\"wp-block-group\">\n<p><!-- wp:paragraph --><\/p>\n<h4><span style=\"font-style: normal;\">\u00a0 \u00a0Zarz\u0105d Fundacji<\/span>:<\/h4>\n<p><!-- \/wp:paragraph --><!-- wp:paragraph --><\/p>\n<ol>\n<li>Prezes Zarz\u0105du &#8211; Anna Czapli\u0144ska<\/li>\n<li>Cz\u0142onek Zarz\u0105du &#8211; Beata K\u0119dziora<\/li>\n<li>Cz\u0142onek Zarz\u0105du &#8211; Damian Szwagierczak<\/li>\n<\/ol>\n<p><!-- \/wp:spacer --><\/p>\n<\/div>\n<p><!-- \/wp:group --><\/p>\t\t\t\t\t\t<\/div>\n\t\t\t\t<\/div>\n\t\t\t\t\t<\/div>\n\t\t<\/div>\n\t\t\t\t\t<\/div>\n\t\t<\/section>\n\t\t\t\t<\/div>\n\t\t","protected":false},"excerpt":{"rendered":"<p>Fundacja LEONARDO ul. 11 Listopada 8a\/2, 39-400 TarnobrzegNIP 8672244095, REGON 368637927, KRS 0000701997 nr rachunku bankowego 22 1600 1462 1817 7888 2000 0001 tel. +48 605 786 742, mail: zarzad@fundacjaleonardo.pl \u00a0 \u00a0Zarz\u0105d Fundacji: Prezes Zarz\u0105du &#8211; Anna Czapli\u0144ska Cz\u0142onek Zarz\u0105du &#8211; Beata K\u0119dziora Cz\u0142onek Zarz\u0105du &#8211; Damian Szwagierczak<\/p>\n","protected":false},"author":1,"featured_media":0,"parent":0,"menu_order":0,"comment_status":"closed","ping_status":"closed","template":"elementor_header_footer","meta":{"site-sidebar-layout":"default","site-content-layout":"","ast-site-content-layout":"","site-content-style":"default","site-sidebar-style":"default","ast-global-header-display":"","ast-banner-title-visibility":"","ast-main-header-display":"","ast-hfb-above-header-display":"","ast-hfb-below-header-display":"","ast-hfb-mobile-header-display":"","site-post-title":"","ast-breadcrumbs-content":"","ast-featured-img":"","footer-sml-layout":"","theme-transparent-header-meta":"","adv-header-id-meta":"","stick-header-meta":"","header-above-stick-meta":"","header-main-stick-meta":"","header-below-stick-meta":"","astra-migrate-meta-layouts":"default","ast-page-background-enabled":"default","ast-page-background-meta":{"desktop":{"background-color":"var(--ast-global-color-4)","background-image":"","background-repeat":"repeat","background-position":"center center","background-size":"auto","background-attachment":"scroll","background-type":"","background-media":"","overlay-type":"","overlay-color":"","overlay-opacity":"","overlay-gradient":""},"tablet":{"background-color":"","background-image":"","background-repeat":"repeat","background-position":"center center","background-size":"auto","background-attachment":"scroll","background-type":"","background-media":"","overlay-type":"","overlay-color":"","overlay-opacity":"","overlay-gradient":""},"mobile":{"background-color":"","background-image":"","background-repeat":"repeat","background-position":"center center","background-size":"auto","background-attachment":"scroll","background-type":"","background-media":"","overlay-type":"","overlay-color":"","overlay-opacity":"","overlay-gradient":""}},"ast-content-background-meta":{"desktop":{"background-color":"var(--ast-global-color-5)","background-image":"","background-repeat":"repeat","background-position":"center center","background-size":"auto","background-attachment":"scroll","background-type":"","background-media":"","overlay-type":"","overlay-color":"","overlay-opacity":"","overlay-gradient":""},"tablet":{"background-color":"var(--ast-global-color-5)","background-image":"","background-repeat":"repeat","background-position":"center center","background-size":"auto","background-attachment":"scroll","background-type":"","background-media":"","overlay-type":"","overlay-color":"","overlay-opacity":"","overlay-gradient":""},"mobile":{"background-color":"var(--ast-global-color-5)","background-image":"","background-repeat":"repeat","background-position":"center center","background-size":"auto","background-attachment":"scroll","background-type":"","background-media":"","overlay-type":"","overlay-color":"","overlay-opacity":"","overlay-gradient":""}},"footnotes":""},"class_list":["post-78","page","type-page","status-publish","hentry"],"_links":{"self":[{"href":"https:\/\/fundacjaleonardo.pl\/index.php?rest_route=\/wp\/v2\/pages\/78","targetHints":{"allow":["GET"]}}],"collection":[{"href":"https:\/\/fundacjaleonardo.pl\/index.php?rest_route=\/wp\/v2\/pages"}],"about":[{"href":"https:\/\/fundacjaleonardo.pl\/index.php?rest_route=\/wp\/v2\/types\/page"}],"author":[{"embeddable":true,"href":"https:\/\/fundacjaleonardo.pl\/index.php?rest_route=\/wp\/v2\/users\/1"}],"replies":[{"embeddable":true,"href":"https:\/\/fundacjaleonardo.pl\/index.php?rest_route=%2Fwp%2Fv2%2Fcomments&post=78"}],"version-history":[{"count":10,"href":"https:\/\/fundacjaleonardo.pl\/index.php?rest_route=\/wp\/v2\/pages\/78\/revisions"}],"predecessor-version":[{"id":89,"href":"https:\/\/fundacjaleonardo.pl\/index.php?rest_route=\/wp\/v2\/pages\/78\/revisions\/89"}],"wp:attachment":[{"href":"https:\/\/fundacjaleonardo.pl\/index.php?rest_route=%2Fwp%2Fv2%2Fmedia&parent=78"}],"curies":[{"name":"wp","href":"https:\/\/api.w.org\/{rel}","templated":true}]}}